{"id":48,"date":"2025-07-02T12:20:38","date_gmt":"2025-07-02T12:20:38","guid":{"rendered":"https:\/\/catalogue-raisonne.net\/?page_id=48"},"modified":"2025-07-08T12:24:49","modified_gmt":"2025-07-08T12:24:49","slug":"pourquoi-faire-un-catalogue-raisonne","status":"publish","type":"page","link":"https:\/\/catalogue-raisonne.net\/index.php\/fr\/pourquoi-faire-un-catalogue-raisonne\/","title":{"rendered":"Pourquoi faire un Catalogue raisonn\u00e9 ?"},"content":{"rendered":"<div class=\"wpb-content-wrapper\"><p>[vc_row css_animation=\u00a0\u00bb\u00a0\u00bb row_type=\u00a0\u00bbrow\u00a0\u00bb use_row_as_full_screen_section=\u00a0\u00bbno\u00a0\u00bb type=\u00a0\u00bbgrid\u00a0\u00bb angled_section=\u00a0\u00bbno\u00a0\u00bb text_align=\u00a0\u00bbleft\u00a0\u00bb background_image_as_pattern=\u00a0\u00bbwithout_pattern\u00a0\u00bb z_index=\u00a0\u00bb\u00a0\u00bb][vc_column][vc_row_inner row_type=\u00a0\u00bbrow\u00a0\u00bb type=\u00a0\u00bbfull_width\u00a0\u00bb text_align=\u00a0\u00bbleft\u00a0\u00bb css_animation=\u00a0\u00bb\u00a0\u00bb][vc_column_inner width=\u00a0\u00bb1\/2&Prime;][vc_column_text css=\u00a0\u00bb\u00a0\u00bb]<\/p>\n<h1>Pourquoi faire un Catalogue raisonn\u00e9 ?<\/h1>\n<p>[\/vc_column_text][vc_empty_space height=\u00a0\u00bb10px\u00a0\u00bb][vc_column_text css=\u00a0\u00bb\u00a0\u00bb]<\/p>\n<h2><strong>Cr\u00e9er un Catalogue raisonn\u00e9 permet de s\u00e9curiser l\u2019authenticit\u00e9 des \u0153uvres, de valoriser la carri\u00e8re d\u2019un artiste et d\u2019en assurer la tra\u00e7abilit\u00e9 : d\u00e9couvrez pourquoi cet outil est devenu indispensable dans le march\u00e9 de l\u2019art contemporain et patrimonial.<\/strong><\/h2>\n<p>[\/vc_column_text][vc_empty_space height=\u00a0\u00bb30px\u00a0\u00bb][vc_column_text css=\u00a0\u00bb\u00a0\u00bb]<\/p>\n<h3><strong>Le premier int\u00e9r\u00eat est d\u2019\u00e9tablir une \u0153uvre exhaustive et authentifi\u00e9e<\/strong><\/h3>\n<p>[\/vc_column_text][vc_empty_space height=\u00a0\u00bb10px\u00a0\u00bb][vc_column_text css=\u00a0\u00bb\u00a0\u00bb]Le Catalogue raisonn\u00e9 recense toutes les \u0153uvres connues d\u2019un artiste, g\u00e9n\u00e9ralement de mani\u00e8re chronologique et document\u00e9e (dimensions, mat\u00e9riaux, expositions, provenance, etc.). Cela permet de d\u00e9finir clairement l\u2019\u00e9tendue de l\u2019\u0153uvre : sa richesse, sa sp\u00e9cificit\u00e9, ses p\u00e9riodes. Cela permet aussi d\u2019authentifier ce qui est r\u00e9ellement de l\u2019artiste (et exclure les faux). Gr\u00e2ce au Catalogue raisonn\u00e9, le cadre de r\u00e9f\u00e9rence est fiable pour les experts, les historiens, conservateurs, marchands, etc.[\/vc_column_text][vc_empty_space height=\u00a0\u00bb20px\u00a0\u00bb][vc_column_text css=\u00a0\u00bb\u00a0\u00bb]<\/p>\n<h3><strong>Le deuxi\u00e8me int\u00e9r\u00eat est de prot\u00e9ger l\u2019int\u00e9grit\u00e9 de l\u2019artiste<\/strong><\/h3>\n<p>[\/vc_column_text][vc_empty_space height=\u00a0\u00bb10px\u00a0\u00bb][vc_column_text css=\u00a0\u00bb\u00a0\u00bb]<\/p>\n<p dir=\"ltr\">Il pr\u00e9vient la circulation de contrefa\u00e7ons ou d\u2019\u0153uvres mal attribu\u00e9es.<\/p>\n<p dir=\"ltr\">Il renforce ainsi la r\u00e9putation de l\u2019artiste et de son h\u00e9ritage.<\/p>\n<p>[\/vc_column_text][vc_empty_space height=\u00a0\u00bb20px\u00a0\u00bb][vc_column_text css=\u00a0\u00bb\u00a0\u00bb]<\/p>\n<h3><strong>L\u2019objectif d\u2019un Catalogue raisonn\u00e9 est de valoriser le march\u00e9 de l\u2019artiste.<\/strong><\/h3>\n<p>[\/vc_column_text][vc_empty_space height=\u00a0\u00bb10px\u00a0\u00bb][vc_column_text css=\u00a0\u00bb\u00a0\u00bb]<\/p>\n<p dir=\"ltr\">La confiance dans l\u2019authenticit\u00e9 d\u2019une \u0153uvre est un \u00e9l\u00e9ment primordial pour valoriser une \u0153uvre. Une \u0153uvre incluse dans un Catalogue raisonn\u00e9 a plus de valeur sur le march\u00e9 de l\u2019art.<\/p>\n<p dir=\"ltr\">Les acheteurs et collectionneurs sont plus confiants lorsqu\u2019une \u0153uvre est r\u00e9f\u00e9renc\u00e9e.<\/p>\n<p dir=\"ltr\">Il facilite le travail des maisons de vente, galeries et experts en assurance.<\/p>\n<p>[\/vc_column_text][vc_empty_space height=\u00a0\u00bb20px\u00a0\u00bb][vc_column_text css=\u00a0\u00bb\u00a0\u00bb]<\/p>\n<h3><strong>Enfin, le Catalogue raisonn\u00e9 faciliter la recherche et la conservation<\/strong><\/h3>\n<p>[\/vc_column_text][vc_empty_space height=\u00a0\u00bb10px\u00a0\u00bb][vc_column_text css=\u00a0\u00bb\u00a0\u00bb]C\u2019est un outil pr\u00e9cieux pour les chercheurs en histoire de l\u2019art, les conservateurs de mus\u00e9es ou les commissaires d\u2019exposition. Il permet de tracer la provenance d\u2019une \u0153uvre (important en cas de restitution ou de litige).[\/vc_column_text][vc_empty_space height=\u00a0\u00bb20px\u00a0\u00bb]<a  itemprop=\"url\" href=\"https:\/\/inventozen.com\/\" target=\"_blank\"  class=\"qbutton  small default\" style=\"\">En savoir plus<\/a>[vc_empty_space height=\u00a0\u00bb20px\u00a0\u00bb][\/vc_column_inner][vc_column_inner width=\u00a0\u00bb1\/2&Prime;][vc_single_image image=\u00a0\u00bb51&Prime; img_size=\u00a0\u00bbfull\u00a0\u00bb onclick=\u00a0\u00bbcustom_link\u00a0\u00bb img_link_target=\u00a0\u00bb_blank\u00a0\u00bb css=\u00a0\u00bb\u00a0\u00bb qode_css_animation=\u00a0\u00bb\u00a0\u00bb qode_hover_animation=\u00a0\u00bbzoom_in\u00a0\u00bb link=\u00a0\u00bbhttps:\/\/jeanmiotte-catalogueraisonne.com\/\u00a0\u00bb][vc_column_text css=\u00a0\u00bb\u00a0\u00bb]<\/p>\n<h4>Jean Miotte \u00a9 Adagp, Paris<\/h4>\n<p>[\/vc_column_text][vc_empty_space height=\u00a0\u00bb5px\u00a0\u00bb][\/vc_column_inner][\/vc_row_inner][\/vc_column][\/vc_row][vc_row css_animation=\u00a0\u00bb\u00a0\u00bb row_type=\u00a0\u00bbrow\u00a0\u00bb use_row_as_full_screen_section=\u00a0\u00bbno\u00a0\u00bb type=\u00a0\u00bbfull_width\u00a0\u00bb angled_section=\u00a0\u00bbno\u00a0\u00bb text_align=\u00a0\u00bbleft\u00a0\u00bb background_image_as_pattern=\u00a0\u00bbwithout_pattern\u00a0\u00bb][vc_column][vc_empty_space height=\u00a0\u00bb50px\u00a0\u00bb][\/vc_column][\/vc_row][vc_row css_animation=\u00a0\u00bb\u00a0\u00bb row_type=\u00a0\u00bbrow\u00a0\u00bb use_row_as_full_screen_section=\u00a0\u00bbno\u00a0\u00bb type=\u00a0\u00bbfull_width\u00a0\u00bb angled_section=\u00a0\u00bbno\u00a0\u00bb text_align=\u00a0\u00bbleft\u00a0\u00bb background_image_as_pattern=\u00a0\u00bbwithout_pattern\u00a0\u00bb][vc_column][vc_column_text]<\/p>\n<p style=\"text-align: center;\"><span><span><a href=\"https:\/\/catalogue-raisonne.net\/\">Accueil<\/a><\/span><\/span><\/p>\n<p>[\/vc_column_text][vc_empty_space height=\u00a0\u00bb20px\u00a0\u00bb][\/vc_column][\/vc_row]<\/p>\n<\/div>","protected":false},"excerpt":{"rendered":"<p>[vc_row css_animation=\u00a0\u00bb\u00a0\u00bb row_type=\u00a0\u00bbrow\u00a0\u00bb use_row_as_full_screen_section=\u00a0\u00bbno\u00a0\u00bb type=\u00a0\u00bbgrid\u00a0\u00bb angled_section=\u00a0\u00bbno\u00a0\u00bb text_align=\u00a0\u00bbleft\u00a0\u00bb background_image_as_pattern=\u00a0\u00bbwithout_pattern\u00a0\u00bb z_index=\u00a0\u00bb\u00a0\u00bb][vc_column][vc_row_inner row_type=\u00a0\u00bbrow\u00a0\u00bb type=\u00a0\u00bbfull_width\u00a0\u00bb text_align=\u00a0\u00bbleft\u00a0\u00bb css_animation=\u00a0\u00bb\u00a0\u00bb][vc_column_inner width=\u00a0\u00bb1\/2&Prime;][vc_column_text css=\u00a0\u00bb\u00a0\u00bb] Pourquoi faire un Catalogue raisonn\u00e9 ? [\/vc_column_text][vc_empty_space height=\u00a0\u00bb10px\u00a0\u00bb][vc_column_text css=\u00a0\u00bb\u00a0\u00bb] Cr\u00e9er un Catalogue raisonn\u00e9 permet de s\u00e9curiser l\u2019authenticit\u00e9 des \u0153uvres, de valoriser la carri\u00e8re d\u2019un artiste et d\u2019en assurer la tra\u00e7abilit\u00e9&#8230;<\/p>\n","protected":false},"author":2,"featured_media":0,"parent":0,"menu_order":0,"comment_status":"closed","ping_status":"closed","template":"full_width.php","meta":{"footnotes":""},"class_list":["post-48","page","type-page","status-publish","hentry"],"yoast_head":"<!-- This site is optimized with the Yoast SEO plugin v25.3.1 - https:\/\/yoast.com\/wordpress\/plugins\/seo\/ -->\n<title>Pourquoi faire un Catalogue raisonn\u00e9 ?<\/title>\n<meta name=\"description\" content=\"Cr\u00e9er un catalogue raisonn\u00e9, pour authentifier, valoriser et pr\u00e9server l\u2019\u0153uvre d\u2019un artiste. Un outil cl\u00e9 pour chercheurs et collectionneurs.\" \/>\n<meta name=\"robots\" content=\"index, follow, max-snippet:-1, max-image-preview:large, max-video-preview:-1\" \/>\n<link rel=\"canonical\" href=\"https:\/\/catalogue-raisonne.net\/index.php\/fr\/pourquoi-faire-un-catalogue-raisonne\/\" \/>\n<meta property=\"og:locale\" content=\"fr_FR\" \/>\n<meta property=\"og:type\" content=\"article\" \/>\n<meta property=\"og:title\" content=\"Pourquoi faire un Catalogue raisonn\u00e9 ?\" \/>\n<meta property=\"og:description\" content=\"Cr\u00e9er un catalogue raisonn\u00e9, pour authentifier, valoriser et pr\u00e9server l\u2019\u0153uvre d\u2019un artiste. Un outil cl\u00e9 pour chercheurs et collectionneurs.\" \/>\n<meta property=\"og:url\" content=\"https:\/\/catalogue-raisonne.net\/index.php\/fr\/pourquoi-faire-un-catalogue-raisonne\/\" \/>\n<meta property=\"og:site_name\" content=\"Catalogue Raisonne.net\" \/>\n<meta property=\"article:modified_time\" content=\"2025-07-08T12:24:49+00:00\" \/>\n<meta name=\"twitter:card\" content=\"summary_large_image\" \/>\n<meta name=\"twitter:label1\" content=\"Dur\u00e9e de lecture estim\u00e9e\" \/>\n\t<meta name=\"twitter:data1\" content=\"2 minutes\" \/>\n<script type=\"application\/ld+json\" class=\"yoast-schema-graph\">{\"@context\":\"https:\/\/schema.org\",\"@graph\":[{\"@type\":\"WebPage\",\"@id\":\"https:\/\/catalogue-raisonne.net\/index.php\/fr\/pourquoi-faire-un-catalogue-raisonne\/\",\"url\":\"https:\/\/catalogue-raisonne.net\/index.php\/fr\/pourquoi-faire-un-catalogue-raisonne\/\",\"name\":\"Pourquoi faire un Catalogue raisonn\u00e9 ?\",\"isPartOf\":{\"@id\":\"https:\/\/catalogue-raisonne.net\/#website\"},\"datePublished\":\"2025-07-02T12:20:38+00:00\",\"dateModified\":\"2025-07-08T12:24:49+00:00\",\"description\":\"Cr\u00e9er un catalogue raisonn\u00e9, pour authentifier, valoriser et pr\u00e9server l\u2019\u0153uvre d\u2019un artiste. Un outil cl\u00e9 pour chercheurs et collectionneurs.\",\"breadcrumb\":{\"@id\":\"https:\/\/catalogue-raisonne.net\/index.php\/fr\/pourquoi-faire-un-catalogue-raisonne\/#breadcrumb\"},\"inLanguage\":\"fr-FR\",\"potentialAction\":[{\"@type\":\"ReadAction\",\"target\":[\"https:\/\/catalogue-raisonne.net\/index.php\/fr\/pourquoi-faire-un-catalogue-raisonne\/\"]}]},{\"@type\":\"BreadcrumbList\",\"@id\":\"https:\/\/catalogue-raisonne.net\/index.php\/fr\/pourquoi-faire-un-catalogue-raisonne\/#breadcrumb\",\"itemListElement\":[{\"@type\":\"ListItem\",\"position\":1,\"name\":\"Accueil\",\"item\":\"https:\/\/catalogue-raisonne.net\/\"},{\"@type\":\"ListItem\",\"position\":2,\"name\":\"Pourquoi faire un Catalogue raisonn\u00e9 ?\"}]},{\"@type\":\"WebSite\",\"@id\":\"https:\/\/catalogue-raisonne.net\/#website\",\"url\":\"https:\/\/catalogue-raisonne.net\/\",\"name\":\"Catalogue Raisonne.net\",\"description\":\"Tout savoir sur les Catalogues raisonn\u00e9s\",\"potentialAction\":[{\"@type\":\"SearchAction\",\"target\":{\"@type\":\"EntryPoint\",\"urlTemplate\":\"https:\/\/catalogue-raisonne.net\/?s={search_term_string}\"},\"query-input\":{\"@type\":\"PropertyValueSpecification\",\"valueRequired\":true,\"valueName\":\"search_term_string\"}}],\"inLanguage\":\"fr-FR\"}]}<\/script>\n<!-- \/ Yoast SEO plugin. -->","yoast_head_json":{"title":"Pourquoi faire un Catalogue raisonn\u00e9 ?","description":"Cr\u00e9er un catalogue raisonn\u00e9, pour authentifier, valoriser et pr\u00e9server l\u2019\u0153uvre d\u2019un artiste. Un outil cl\u00e9 pour chercheurs et collectionneurs.","robots":{"index":"index","follow":"follow","max-snippet":"max-snippet:-1","max-image-preview":"max-image-preview:large","max-video-preview":"max-video-preview:-1"},"canonical":"https:\/\/catalogue-raisonne.net\/index.php\/fr\/pourquoi-faire-un-catalogue-raisonne\/","og_locale":"fr_FR","og_type":"article","og_title":"Pourquoi faire un Catalogue raisonn\u00e9 ?","og_description":"Cr\u00e9er un catalogue raisonn\u00e9, pour authentifier, valoriser et pr\u00e9server l\u2019\u0153uvre d\u2019un artiste. Un outil cl\u00e9 pour chercheurs et collectionneurs.","og_url":"https:\/\/catalogue-raisonne.net\/index.php\/fr\/pourquoi-faire-un-catalogue-raisonne\/","og_site_name":"Catalogue Raisonne.net","article_modified_time":"2025-07-08T12:24:49+00:00","twitter_card":"summary_large_image","twitter_misc":{"Dur\u00e9e de lecture estim\u00e9e":"2 minutes"},"schema":{"@context":"https:\/\/schema.org","@graph":[{"@type":"WebPage","@id":"https:\/\/catalogue-raisonne.net\/index.php\/fr\/pourquoi-faire-un-catalogue-raisonne\/","url":"https:\/\/catalogue-raisonne.net\/index.php\/fr\/pourquoi-faire-un-catalogue-raisonne\/","name":"Pourquoi faire un Catalogue raisonn\u00e9 ?","isPartOf":{"@id":"https:\/\/catalogue-raisonne.net\/#website"},"datePublished":"2025-07-02T12:20:38+00:00","dateModified":"2025-07-08T12:24:49+00:00","description":"Cr\u00e9er un catalogue raisonn\u00e9, pour authentifier, valoriser et pr\u00e9server l\u2019\u0153uvre d\u2019un artiste. Un outil cl\u00e9 pour chercheurs et collectionneurs.","breadcrumb":{"@id":"https:\/\/catalogue-raisonne.net\/index.php\/fr\/pourquoi-faire-un-catalogue-raisonne\/#breadcrumb"},"inLanguage":"fr-FR","potentialAction":[{"@type":"ReadAction","target":["https:\/\/catalogue-raisonne.net\/index.php\/fr\/pourquoi-faire-un-catalogue-raisonne\/"]}]},{"@type":"BreadcrumbList","@id":"https:\/\/catalogue-raisonne.net\/index.php\/fr\/pourquoi-faire-un-catalogue-raisonne\/#breadcrumb","itemListElement":[{"@type":"ListItem","position":1,"name":"Accueil","item":"https:\/\/catalogue-raisonne.net\/"},{"@type":"ListItem","position":2,"name":"Pourquoi faire un Catalogue raisonn\u00e9 ?"}]},{"@type":"WebSite","@id":"https:\/\/catalogue-raisonne.net\/#website","url":"https:\/\/catalogue-raisonne.net\/","name":"Catalogue Raisonne.net","description":"Tout savoir sur les Catalogues raisonn\u00e9s","potentialAction":[{"@type":"SearchAction","target":{"@type":"EntryPoint","urlTemplate":"https:\/\/catalogue-raisonne.net\/?s={search_term_string}"},"query-input":{"@type":"PropertyValueSpecification","valueRequired":true,"valueName":"search_term_string"}}],"inLanguage":"fr-FR"}]}},"_links":{"self":[{"href":"https:\/\/catalogue-raisonne.net\/index.php\/wp-json\/wp\/v2\/pages\/48","targetHints":{"allow":["GET"]}}],"collection":[{"href":"https:\/\/catalogue-raisonne.net\/index.php\/wp-json\/wp\/v2\/pages"}],"about":[{"href":"https:\/\/catalogue-raisonne.net\/index.php\/wp-json\/wp\/v2\/types\/page"}],"author":[{"embeddable":true,"href":"https:\/\/catalogue-raisonne.net\/index.php\/wp-json\/wp\/v2\/users\/2"}],"replies":[{"embeddable":true,"href":"https:\/\/catalogue-raisonne.net\/index.php\/wp-json\/wp\/v2\/comments?post=48"}],"version-history":[{"count":17,"href":"https:\/\/catalogue-raisonne.net\/index.php\/wp-json\/wp\/v2\/pages\/48\/revisions"}],"predecessor-version":[{"id":358,"href":"https:\/\/catalogue-raisonne.net\/index.php\/wp-json\/wp\/v2\/pages\/48\/revisions\/358"}],"wp:attachment":[{"href":"https:\/\/catalogue-raisonne.net\/index.php\/wp-json\/wp\/v2\/media?parent=48"}],"curies":[{"name":"wp","href":"https:\/\/api.w.org\/{rel}","templated":true}]}}