{"id":124,"date":"2025-07-03T08:17:27","date_gmt":"2025-07-03T08:17:27","guid":{"rendered":"https:\/\/catalogue-raisonne.net\/?page_id=124"},"modified":"2025-07-08T12:16:17","modified_gmt":"2025-07-08T12:16:17","slug":"avantages-dun-catalogue-raisonne-digital","status":"publish","type":"page","link":"https:\/\/catalogue-raisonne.net\/index.php\/fr\/avantages-dun-catalogue-raisonne-digital\/","title":{"rendered":"Avantages d&rsquo;un Catalogue raisonn\u00e9 digital"},"content":{"rendered":"<div class=\"wpb-content-wrapper\"><p>[vc_row css_animation=\u00a0\u00bb\u00a0\u00bb row_type=\u00a0\u00bbrow\u00a0\u00bb use_row_as_full_screen_section=\u00a0\u00bbno\u00a0\u00bb type=\u00a0\u00bbgrid\u00a0\u00bb angled_section=\u00a0\u00bbno\u00a0\u00bb text_align=\u00a0\u00bbleft\u00a0\u00bb background_image_as_pattern=\u00a0\u00bbwithout_pattern\u00a0\u00bb z_index=\u00a0\u00bb\u00a0\u00bb][vc_column][vc_row_inner row_type=\u00a0\u00bbrow\u00a0\u00bb type=\u00a0\u00bbfull_width\u00a0\u00bb text_align=\u00a0\u00bbleft\u00a0\u00bb css_animation=\u00a0\u00bb\u00a0\u00bb][vc_column_inner width=\u00a0\u00bb1\/2&Prime;][vc_column_text css=\u00a0\u00bb\u00a0\u00bb]<\/p>\n<h1>Avantages d&rsquo;un Catalogue raisonn\u00e9 digital<\/h1>\n<p>[\/vc_column_text][vc_empty_space height=\u00a0\u00bb10px\u00a0\u00bb][vc_column_text css=\u00a0\u00bb\u00a0\u00bb]<\/p>\n<h2><strong>Le format num\u00e9rique change la dimension du Catalogue raisonn\u00e9 et le transforme en outil vivant et visible. Pourquoi ?<br \/>\nCr\u00e9er et g\u00e9rer un Catalogue raisonn\u00e9 dans une version num\u00e9rique pr\u00e9sente de nombreux avantages significatifs par rapport \u00e0 une version papier.<\/strong><\/h2>\n<p>[\/vc_column_text][vc_empty_space height=\u00a0\u00bb30px\u00a0\u00bb][vc_column_text css=\u00a0\u00bb\u00a0\u00bb]<\/p>\n<h3><strong>L\u2019accessibilit\u00e9 et la diffusion sont \u00e9largies<\/strong><\/h3>\n<p>[\/vc_column_text][vc_empty_space height=\u00a0\u00bb10px\u00a0\u00bb][vc_column_text css=\u00a0\u00bb\u00a0\u00bb]Le catalogue num\u00e9rique peut \u00eatre consult\u00e9 \u00e0 distance par un large public (chercheurs, collectionneurs, institutions, \u00e9tudiants). Les versions multilingues sont cr\u00e9\u00e9es facilement autorisant une diffusion mondiale sans co\u00fbt d\u2019impression ni logistique de distribution.[\/vc_column_text][vc_empty_space height=\u00a0\u00bb20px\u00a0\u00bb][vc_column_text css=\u00a0\u00bb\u00a0\u00bb]<\/p>\n<h3><strong>La Mise \u00e0 jour r\u00e9guli\u00e8re d\u2019un Catalogue raisonn\u00e9 est facilit\u00e9e<\/strong><\/h3>\n<p>[\/vc_column_text][vc_empty_space height=\u00a0\u00bb10px\u00a0\u00bb][vc_column_text css=\u00a0\u00bb\u00a0\u00bb]<\/p>\n<p dir=\"ltr\">Les \u0153uvres d\u00e9couvertes ou authentifi\u00e9es apr\u00e8s la publication initiale peuvent \u00eatre ajout\u00e9es facilement. Les erreurs peuvent \u00eatre corrig\u00e9es rapidement, ce qui est impossible avec une version papier fig\u00e9e.<\/p>\n<p>La richesse des contenus multim\u00e9dias est incomparable et r\u00e9guli\u00e8rement enrichie.<\/p>\n<p>Int\u00e9gration de photos en haute d\u00e9finition, zoom interactif, vid\u00e9os, vues en 360\u00b0, etc.<\/p>\n<p>Le cr\u00e9ateur du Catalogue raisonn\u00e9 peut ajouter, \u00e0 tout moment, des documents d\u2019archives, des lettres, certificats d\u2019authenticit\u00e9, vid\u00e9o etc.<\/p>\n<p>[\/vc_column_text][vc_empty_space height=\u00a0\u00bb20px\u00a0\u00bb][vc_column_text css=\u00a0\u00bb\u00a0\u00bb]<\/p>\n<h3><strong>La recherche et la navigation sont am\u00e9lior\u00e9es<\/strong><\/h3>\n<p>[\/vc_column_text][vc_empty_space height=\u00a0\u00bb10px\u00a0\u00bb][vc_column_text css=\u00a0\u00bb\u00a0\u00bb]<\/p>\n<p dir=\"ltr\">L\u2019AI, les outils de recherche par mot-cl\u00e9, date, technique, localisation permettent acc\u00e9l\u00e8rent et facilitent les recherches avanc\u00e9es.<\/p>\n<p>Par exemple l\u2019acc\u00e8s aux \u0153uvres est acc\u00e9l\u00e9r\u00e9 gr\u00e2ce \u00e0 l\u2019utilisation de filtres dynamiques et liens internes.<\/p>\n<p>[\/vc_column_text][vc_empty_space height=\u00a0\u00bb20px\u00a0\u00bb][vc_column_text css=\u00a0\u00bb\u00a0\u00bb]<\/p>\n<h3><strong>Le co\u00fbt de la cr\u00e9ation d\u2019un Catalogue raisonn\u00e9 num\u00e9rique est nettement plus bas<\/strong><\/h3>\n<p>[\/vc_column_text][vc_empty_space height=\u00a0\u00bb10px\u00a0\u00bb][vc_column_text css=\u00a0\u00bb\u00a0\u00bb]Pas de frais d\u2019impression, de stockage ou d\u2019envoi. Le travail d\u2019archivage est imm\u00e9diatement int\u00e9gr\u00e9 et disponible pour les experts et historiens.<\/p>\n<p>Par exemple, <strong><a href=\"https:\/\/inventozen.com\/\">INVENTOZEN<\/a><\/strong> propose des forfait mensuels comp\u00e9titifs pour d\u00e9marrer et diffuser un Catalogue raisonn\u00e9 dans le monde entier.[\/vc_column_text][vc_empty_space height=\u00a0\u00bb20px\u00a0\u00bb][vc_column_text css=\u00a0\u00bb\u00a0\u00bb]<\/p>\n<h3><strong>La Protection et la tra\u00e7abilit\u00e9 des \u0153uvres est maintenue \u00e0 jour<\/strong><\/h3>\n<p>&nbsp;<\/p>\n<p>[\/vc_column_text][vc_empty_space height=\u00a0\u00bb10px\u00a0\u00bb][vc_column_text css=\u00a0\u00bb\u00a0\u00bb]Le Catalogue raisonn\u00e9 num\u00e9rique autorise le suivi dynamique de la provenance, les ventes aux ench\u00e8res, les expositions, etc. L\u2019\u0153uvre d\u2019un artiste \u00e9volue continuellement.<\/p>\n<p>Ce suivi rigoureux et dynamique aide \u00e0 la lutte contre les faux, gr\u00e2ce \u00e0 une base de donn\u00e9es centralis\u00e9e et actualis\u00e9e de mani\u00e8re r\u00e9guli\u00e8re et rigoureuse.<\/p>\n<p>[\/vc_column_text][vc_empty_space height=\u00a0\u00bb20px\u00a0\u00bb][vc_column_text css=\u00a0\u00bb\u00a0\u00bb]<\/p>\n<h3><strong>La collaboration et l&rsquo;interactivit\u00e9 avec la communaut\u00e9 des collectionneurs, des experts et des historiens de l\u2019art sont grandement facilit\u00e9s<\/strong><\/h3>\n<p>[\/vc_column_text][vc_empty_space height=\u00a0\u00bb10px\u00a0\u00bb][vc_column_text css=\u00a0\u00bb\u00a0\u00bb]Le meilleur exemple est l\u2019acc\u00e9l\u00e9ration du processus d\u2019authentification. Le contact et les \u00e9changes entre les experts et les collectionneurs sont facilit\u00e9s.<\/p>\n<p>Un exemple de technologie largement utilis\u00e9 en Europe est la plateforme de cr\u00e9ation de catalogues raisonn\u00e9s digitaux <strong><a href=\"https:\/\/inventozen.com\/\">INVENTOZEN<\/a><\/strong>. Cette technologie multilingue propose un outil de reconnaissance d\u2019image utilisant l\u2019intelligence artificielle pour v\u00e9rifier si un tableau fait partie d\u2019un Catalogue raisonn\u00e9.[\/vc_column_text][vc_empty_space height=\u00a0\u00bb20px\u00a0\u00bb][vc_column_text css=\u00a0\u00bb\u00a0\u00bb]<\/p>\n<h3><strong>En conclusion, le Catalogue raisonn\u00e9 num\u00e9rique est un outil moderne et vivant, \u00e9volutif et interactif.<br \/>\nIl r\u00e9pond aux exigences de la recherche contemporaine tout en valorisant efficacement le travail de l\u2019artiste et de l\u2019historien de l\u2019art. C\u2019est une \u00e9volution naturelle et n\u00e9cessaire dans un monde de plus en plus tourn\u00e9 vers le num\u00e9rique.<\/strong><\/h3>\n<p>[\/vc_column_text][vc_empty_space height=\u00a0\u00bb20px\u00a0\u00bb]<a  itemprop=\"url\" href=\"https:\/\/inventozen.com\/index.php\/pourquoi-creer-un-catalogue-raisonne-numerique-inventozen\/\" target=\"_blank\"  class=\"qbutton  small default\" style=\"\">En savoir plus<\/a>[vc_empty_space height=\u00a0\u00bb20px\u00a0\u00bb][\/vc_column_inner][vc_column_inner width=\u00a0\u00bb1\/2&Prime;][vc_single_image image=\u00a0\u00bb297&Prime; img_size=\u00a0\u00bbfull\u00a0\u00bb onclick=\u00a0\u00bbcustom_link\u00a0\u00bb img_link_target=\u00a0\u00bb_blank\u00a0\u00bb css=\u00a0\u00bb\u00a0\u00bb qode_css_animation=\u00a0\u00bb\u00a0\u00bb qode_hover_animation=\u00a0\u00bbzoom_in\u00a0\u00bb link=\u00a0\u00bbhttps:\/\/www.gerardschneider.net\/\u00a0\u00bb][vc_empty_space height=\u00a0\u00bb5px\u00a0\u00bb][vc_column_text css=\u00a0\u00bb\u00a0\u00bb]<\/p>\n<h4>G\u00e9rard Schneider \u00a9 Adagp, Paris<\/h4>\n<p>[\/vc_column_text][\/vc_column_inner][\/vc_row_inner][\/vc_column][\/vc_row][vc_row css_animation=\u00a0\u00bb\u00a0\u00bb row_type=\u00a0\u00bbrow\u00a0\u00bb use_row_as_full_screen_section=\u00a0\u00bbno\u00a0\u00bb type=\u00a0\u00bbfull_width\u00a0\u00bb angled_section=\u00a0\u00bbno\u00a0\u00bb text_align=\u00a0\u00bbleft\u00a0\u00bb background_image_as_pattern=\u00a0\u00bbwithout_pattern\u00a0\u00bb][vc_column][vc_empty_space height=\u00a0\u00bb50px\u00a0\u00bb][\/vc_column][\/vc_row][vc_row css_animation=\u00a0\u00bb\u00a0\u00bb row_type=\u00a0\u00bbrow\u00a0\u00bb use_row_as_full_screen_section=\u00a0\u00bbno\u00a0\u00bb type=\u00a0\u00bbfull_width\u00a0\u00bb angled_section=\u00a0\u00bbno\u00a0\u00bb text_align=\u00a0\u00bbleft\u00a0\u00bb background_image_as_pattern=\u00a0\u00bbwithout_pattern\u00a0\u00bb][vc_column][vc_column_text]<\/p>\n<p style=\"text-align: center;\"><span><span><a href=\"https:\/\/catalogue-raisonne.net\/\">Accueil<\/a><\/span><\/span><\/p>\n<p>[\/vc_column_text][vc_empty_space height=\u00a0\u00bb20px\u00a0\u00bb][\/vc_column][\/vc_row]<\/p>\n<\/div>","protected":false},"excerpt":{"rendered":"<p>[vc_row css_animation=\u00a0\u00bb\u00a0\u00bb row_type=\u00a0\u00bbrow\u00a0\u00bb use_row_as_full_screen_section=\u00a0\u00bbno\u00a0\u00bb type=\u00a0\u00bbgrid\u00a0\u00bb angled_section=\u00a0\u00bbno\u00a0\u00bb text_align=\u00a0\u00bbleft\u00a0\u00bb background_image_as_pattern=\u00a0\u00bbwithout_pattern\u00a0\u00bb z_index=\u00a0\u00bb\u00a0\u00bb][vc_column][vc_row_inner row_type=\u00a0\u00bbrow\u00a0\u00bb type=\u00a0\u00bbfull_width\u00a0\u00bb text_align=\u00a0\u00bbleft\u00a0\u00bb css_animation=\u00a0\u00bb\u00a0\u00bb][vc_column_inner width=\u00a0\u00bb1\/2&Prime;][vc_column_text css=\u00a0\u00bb\u00a0\u00bb] Avantages d&rsquo;un Catalogue raisonn\u00e9 digital [\/vc_column_text][vc_empty_space height=\u00a0\u00bb10px\u00a0\u00bb][vc_column_text css=\u00a0\u00bb\u00a0\u00bb] Le format num\u00e9rique change la dimension du Catalogue raisonn\u00e9 et le transforme en outil vivant et visible. Pourquoi ? Cr\u00e9er et g\u00e9rer&#8230;<\/p>\n","protected":false},"author":2,"featured_media":0,"parent":0,"menu_order":0,"comment_status":"closed","ping_status":"closed","template":"","meta":{"footnotes":""},"class_list":["post-124","page","type-page","status-publish","hentry"],"yoast_head":"<!-- This site is optimized with the Yoast SEO plugin v25.3.1 - https:\/\/yoast.com\/wordpress\/plugins\/seo\/ -->\n<title>Avantages d&#039;un Catalogue raisonn\u00e9 digital<\/title>\n<meta name=\"description\" content=\"Avantage du catalogue raisonn\u00e9 digital : acc\u00e8s rapide, mise \u00e0 jour facile et meilleure visibilit\u00e9 des \u0153uvres en ligne.\" \/>\n<meta name=\"robots\" content=\"index, follow, max-snippet:-1, max-image-preview:large, max-video-preview:-1\" \/>\n<link rel=\"canonical\" href=\"https:\/\/catalogue-raisonne.net\/index.php\/fr\/avantages-dun-catalogue-raisonne-digital\/\" \/>\n<meta property=\"og:locale\" content=\"fr_FR\" \/>\n<meta property=\"og:type\" content=\"article\" \/>\n<meta property=\"og:title\" content=\"Avantages d&#039;un Catalogue raisonn\u00e9 digital\" \/>\n<meta property=\"og:description\" content=\"Avantage du catalogue raisonn\u00e9 digital : acc\u00e8s rapide, mise \u00e0 jour facile et meilleure visibilit\u00e9 des \u0153uvres en ligne.\" \/>\n<meta property=\"og:url\" content=\"https:\/\/catalogue-raisonne.net\/index.php\/fr\/avantages-dun-catalogue-raisonne-digital\/\" \/>\n<meta property=\"og:site_name\" content=\"Catalogue Raisonne.net\" \/>\n<meta property=\"article:modified_time\" content=\"2025-07-08T12:16:17+00:00\" \/>\n<meta name=\"twitter:card\" content=\"summary_large_image\" \/>\n<meta name=\"twitter:label1\" content=\"Dur\u00e9e de lecture estim\u00e9e\" \/>\n\t<meta name=\"twitter:data1\" content=\"3 minutes\" \/>\n<script type=\"application\/ld+json\" class=\"yoast-schema-graph\">{\"@context\":\"https:\/\/schema.org\",\"@graph\":[{\"@type\":\"WebPage\",\"@id\":\"https:\/\/catalogue-raisonne.net\/index.php\/fr\/avantages-dun-catalogue-raisonne-digital\/\",\"url\":\"https:\/\/catalogue-raisonne.net\/index.php\/fr\/avantages-dun-catalogue-raisonne-digital\/\",\"name\":\"Avantages d'un Catalogue raisonn\u00e9 digital\",\"isPartOf\":{\"@id\":\"https:\/\/catalogue-raisonne.net\/#website\"},\"datePublished\":\"2025-07-03T08:17:27+00:00\",\"dateModified\":\"2025-07-08T12:16:17+00:00\",\"description\":\"Avantage du catalogue raisonn\u00e9 digital : acc\u00e8s rapide, mise \u00e0 jour facile et meilleure visibilit\u00e9 des \u0153uvres en ligne.\",\"breadcrumb\":{\"@id\":\"https:\/\/catalogue-raisonne.net\/index.php\/fr\/avantages-dun-catalogue-raisonne-digital\/#breadcrumb\"},\"inLanguage\":\"fr-FR\",\"potentialAction\":[{\"@type\":\"ReadAction\",\"target\":[\"https:\/\/catalogue-raisonne.net\/index.php\/fr\/avantages-dun-catalogue-raisonne-digital\/\"]}]},{\"@type\":\"BreadcrumbList\",\"@id\":\"https:\/\/catalogue-raisonne.net\/index.php\/fr\/avantages-dun-catalogue-raisonne-digital\/#breadcrumb\",\"itemListElement\":[{\"@type\":\"ListItem\",\"position\":1,\"name\":\"Accueil\",\"item\":\"https:\/\/catalogue-raisonne.net\/\"},{\"@type\":\"ListItem\",\"position\":2,\"name\":\"Avantages d&rsquo;un Catalogue raisonn\u00e9 digital\"}]},{\"@type\":\"WebSite\",\"@id\":\"https:\/\/catalogue-raisonne.net\/#website\",\"url\":\"https:\/\/catalogue-raisonne.net\/\",\"name\":\"Catalogue Raisonne.net\",\"description\":\"Tout savoir sur les Catalogues raisonn\u00e9s\",\"potentialAction\":[{\"@type\":\"SearchAction\",\"target\":{\"@type\":\"EntryPoint\",\"urlTemplate\":\"https:\/\/catalogue-raisonne.net\/?s={search_term_string}\"},\"query-input\":{\"@type\":\"PropertyValueSpecification\",\"valueRequired\":true,\"valueName\":\"search_term_string\"}}],\"inLanguage\":\"fr-FR\"}]}<\/script>\n<!-- \/ Yoast SEO plugin. -->","yoast_head_json":{"title":"Avantages d'un Catalogue raisonn\u00e9 digital","description":"Avantage du catalogue raisonn\u00e9 digital : acc\u00e8s rapide, mise \u00e0 jour facile et meilleure visibilit\u00e9 des \u0153uvres en ligne.","robots":{"index":"index","follow":"follow","max-snippet":"max-snippet:-1","max-image-preview":"max-image-preview:large","max-video-preview":"max-video-preview:-1"},"canonical":"https:\/\/catalogue-raisonne.net\/index.php\/fr\/avantages-dun-catalogue-raisonne-digital\/","og_locale":"fr_FR","og_type":"article","og_title":"Avantages d'un Catalogue raisonn\u00e9 digital","og_description":"Avantage du catalogue raisonn\u00e9 digital : acc\u00e8s rapide, mise \u00e0 jour facile et meilleure visibilit\u00e9 des \u0153uvres en ligne.","og_url":"https:\/\/catalogue-raisonne.net\/index.php\/fr\/avantages-dun-catalogue-raisonne-digital\/","og_site_name":"Catalogue Raisonne.net","article_modified_time":"2025-07-08T12:16:17+00:00","twitter_card":"summary_large_image","twitter_misc":{"Dur\u00e9e de lecture estim\u00e9e":"3 minutes"},"schema":{"@context":"https:\/\/schema.org","@graph":[{"@type":"WebPage","@id":"https:\/\/catalogue-raisonne.net\/index.php\/fr\/avantages-dun-catalogue-raisonne-digital\/","url":"https:\/\/catalogue-raisonne.net\/index.php\/fr\/avantages-dun-catalogue-raisonne-digital\/","name":"Avantages d'un Catalogue raisonn\u00e9 digital","isPartOf":{"@id":"https:\/\/catalogue-raisonne.net\/#website"},"datePublished":"2025-07-03T08:17:27+00:00","dateModified":"2025-07-08T12:16:17+00:00","description":"Avantage du catalogue raisonn\u00e9 digital : acc\u00e8s rapide, mise \u00e0 jour facile et meilleure visibilit\u00e9 des \u0153uvres en ligne.","breadcrumb":{"@id":"https:\/\/catalogue-raisonne.net\/index.php\/fr\/avantages-dun-catalogue-raisonne-digital\/#breadcrumb"},"inLanguage":"fr-FR","potentialAction":[{"@type":"ReadAction","target":["https:\/\/catalogue-raisonne.net\/index.php\/fr\/avantages-dun-catalogue-raisonne-digital\/"]}]},{"@type":"BreadcrumbList","@id":"https:\/\/catalogue-raisonne.net\/index.php\/fr\/avantages-dun-catalogue-raisonne-digital\/#breadcrumb","itemListElement":[{"@type":"ListItem","position":1,"name":"Accueil","item":"https:\/\/catalogue-raisonne.net\/"},{"@type":"ListItem","position":2,"name":"Avantages d&rsquo;un Catalogue raisonn\u00e9 digital"}]},{"@type":"WebSite","@id":"https:\/\/catalogue-raisonne.net\/#website","url":"https:\/\/catalogue-raisonne.net\/","name":"Catalogue Raisonne.net","description":"Tout savoir sur les Catalogues raisonn\u00e9s","potentialAction":[{"@type":"SearchAction","target":{"@type":"EntryPoint","urlTemplate":"https:\/\/catalogue-raisonne.net\/?s={search_term_string}"},"query-input":{"@type":"PropertyValueSpecification","valueRequired":true,"valueName":"search_term_string"}}],"inLanguage":"fr-FR"}]}},"_links":{"self":[{"href":"https:\/\/catalogue-raisonne.net\/index.php\/wp-json\/wp\/v2\/pages\/124","targetHints":{"allow":["GET"]}}],"collection":[{"href":"https:\/\/catalogue-raisonne.net\/index.php\/wp-json\/wp\/v2\/pages"}],"about":[{"href":"https:\/\/catalogue-raisonne.net\/index.php\/wp-json\/wp\/v2\/types\/page"}],"author":[{"embeddable":true,"href":"https:\/\/catalogue-raisonne.net\/index.php\/wp-json\/wp\/v2\/users\/2"}],"replies":[{"embeddable":true,"href":"https:\/\/catalogue-raisonne.net\/index.php\/wp-json\/wp\/v2\/comments?post=124"}],"version-history":[{"count":9,"href":"https:\/\/catalogue-raisonne.net\/index.php\/wp-json\/wp\/v2\/pages\/124\/revisions"}],"predecessor-version":[{"id":352,"href":"https:\/\/catalogue-raisonne.net\/index.php\/wp-json\/wp\/v2\/pages\/124\/revisions\/352"}],"wp:attachment":[{"href":"https:\/\/catalogue-raisonne.net\/index.php\/wp-json\/wp\/v2\/media?parent=124"}],"curies":[{"name":"wp","href":"https:\/\/api.w.org\/{rel}","templated":true}]}}