{"id":102,"date":"2025-07-02T13:26:03","date_gmt":"2025-07-02T13:26:03","guid":{"rendered":"https:\/\/catalogue-raisonne.net\/?page_id=102"},"modified":"2025-07-08T12:27:11","modified_gmt":"2025-07-08T12:27:11","slug":"creer-un-catalogue-raisonne","status":"publish","type":"page","link":"https:\/\/catalogue-raisonne.net\/index.php\/fr\/creer-un-catalogue-raisonne\/","title":{"rendered":"Cr\u00e9er un Catalogue raisonn\u00e9"},"content":{"rendered":"<div class=\"wpb-content-wrapper\"><p>[vc_row css_animation=\u00a0\u00bb\u00a0\u00bb row_type=\u00a0\u00bbrow\u00a0\u00bb use_row_as_full_screen_section=\u00a0\u00bbno\u00a0\u00bb type=\u00a0\u00bbgrid\u00a0\u00bb angled_section=\u00a0\u00bbno\u00a0\u00bb text_align=\u00a0\u00bbleft\u00a0\u00bb background_image_as_pattern=\u00a0\u00bbwithout_pattern\u00a0\u00bb z_index=\u00a0\u00bb\u00a0\u00bb][vc_column][vc_row_inner row_type=\u00a0\u00bbrow\u00a0\u00bb type=\u00a0\u00bbfull_width\u00a0\u00bb text_align=\u00a0\u00bbleft\u00a0\u00bb css_animation=\u00a0\u00bb\u00a0\u00bb][vc_column_inner width=\u00a0\u00bb1\/2&Prime;][vc_column_text css=\u00a0\u00bb\u00a0\u00bb]<\/p>\n<h1>Cr\u00e9er un Catalogue raisonn\u00e9<\/h1>\n<p>[\/vc_column_text][vc_empty_space height=\u00a0\u00bb10px\u00a0\u00bb][vc_column_text css=\u00a0\u00bb\u00a0\u00bb]<\/p>\n<h2><strong>Cr\u00e9er un Catalogue raisonn\u00e9, qu\u2019il soit digital ou papier, est une d\u00e9marche essentielle pour inscrire durablement un artiste dans l\u2019histoire de l\u2019art. Voici les \u00e9tapes cl\u00e9s pour mener \u00e0 bien ce projet complexe, \u00e0 la fois scientifique, documentaire et artistique.<\/strong><\/h2>\n<p>[\/vc_column_text][vc_empty_space height=\u00a0\u00bb40px\u00a0\u00bb][vc_column_text css=\u00a0\u00bb\u00a0\u00bb]<\/p>\n<h3><strong>1. D\u00e9finir le p\u00e9rim\u00e8tre du Catalogue raisonn\u00e9<br \/>\nAvant de commencer, il est important de cadrer le projet :<br \/>\n<\/strong><\/h3>\n<p>[\/vc_column_text][vc_empty_space height=\u00a0\u00bb10px\u00a0\u00bb][vc_column_text css=\u00a0\u00bb\u00a0\u00bb]<\/p>\n<ul>\n<li>Le catalogue couvre-t-il l\u2019ensemble de l\u2019\u0153uvre ou seulement une p\u00e9riode sp\u00e9cifique ?<\/li>\n<li>Quels types d\u2019\u0153uvres seront inclus : peintures, dessins, sculptures, gravures, \u0153uvres graphiques ?<\/li>\n<li>Quels sont les objectifs : authentification, valorisation, protection, diffusion de l\u2019\u0153uvre ?<\/li>\n<\/ul>\n<p>[\/vc_column_text][vc_separator type=\u00a0\u00bbnormal\u00a0\u00bb color=\u00a0\u00bb#B2AFAF\u00a0\u00bb thickness=\u00a0\u00bb1&Prime;][vc_empty_space height=\u00a0\u00bb40px\u00a0\u00bb][vc_column_text css=\u00a0\u00bb\u00a0\u00bb]<\/p>\n<h3><strong>2. Mener une recherche documentaire approfondie<br \/>\nCr\u00e9er un Catalogue raisonn\u00e9 fiable repose sur une recherche m\u00e9thodique :<br \/>\n<\/strong><\/h3>\n<p>[\/vc_column_text][vc_column_text css=\u00a0\u00bb\u00a0\u00bb]<\/p>\n<ul>\n<li>Sources primaires : archives personnelles, lettres, carnets, certificats d\u2019authenticit\u00e9, expositions, ventes aux ench\u00e8res.<\/li>\n<li>Sources secondaires : monographies, catalogues d\u2019exposition, articles critiques, publications sp\u00e9cialis\u00e9es.<\/li>\n<li>T\u00e9moignages et entretiens avec des proches de l\u2019artiste, des collectionneurs ou des experts.<\/li>\n<\/ul>\n<p>[\/vc_column_text][vc_separator type=\u00a0\u00bbnormal\u00a0\u00bb color=\u00a0\u00bb#B2AFAF\u00a0\u00bb thickness=\u00a0\u00bb1&Prime;][vc_empty_space height=\u00a0\u00bb40px\u00a0\u00bb][vc_column_text css=\u00a0\u00bb\u00a0\u00bb]<\/p>\n<h3><strong>3. Recenser et examiner les \u0153uvres<\/strong><\/h3>\n<p>[\/vc_column_text][vc_empty_space height=\u00a0\u00bb10px\u00a0\u00bb][vc_column_text css=\u00a0\u00bb\u00a0\u00bb]<\/p>\n<ul>\n<li>Identifier les \u0153uvres dans les mus\u00e9es, galeries, collections publiques et priv\u00e9es.<\/li>\n<li>Observer les \u0153uvres in situ lorsque c\u2019est possible : techniques, dimensions, \u00e9tat de conservation.<\/li>\n<li>R\u00e9aliser des photos haute d\u00e9finition pour documenter visuellement le Catalogue raisonn\u00e9.<\/li>\n<\/ul>\n<p>[\/vc_column_text][vc_separator type=\u00a0\u00bbnormal\u00a0\u00bb color=\u00a0\u00bb#B2AFAF\u00a0\u00bb thickness=\u00a0\u00bb1&Prime;][vc_empty_space height=\u00a0\u00bb40px\u00a0\u00bb][vc_column_text css=\u00a0\u00bb\u00a0\u00bb]<\/p>\n<h3><strong>4. Authentifier les \u0153uvres<br \/>\nL\u2019\u00e9valuation de l\u2019authenticit\u00e9 est au c\u0153ur du processus :<\/strong><\/h3>\n<p>[\/vc_column_text][vc_empty_space height=\u00a0\u00bb10px\u00a0\u00bb][vc_column_text css=\u00a0\u00bb\u00a0\u00bb]<\/p>\n<ul>\n<li>Sources primaires : archives personnelles, lettres, carnets, certificats d\u2019authenticit\u00e9, expositions, ventes aux ench\u00e8res.<\/li>\n<li>Sources secondaires : monographies, catalogues d\u2019exposition, articles critiques, publications sp\u00e9cialis\u00e9es.<\/li>\n<li>T\u00e9moignages et entretiens avec des proches de l\u2019artiste, des collectionneurs ou des experts.<\/li>\n<\/ul>\n<p>[\/vc_column_text][vc_separator type=\u00a0\u00bbnormal\u00a0\u00bb color=\u00a0\u00bb#B2AFAF\u00a0\u00bb thickness=\u00a0\u00bb1&Prime;][vc_empty_space height=\u00a0\u00bb40px\u00a0\u00bb][vc_column_text css=\u00a0\u00bb\u00a0\u00bb]<\/p>\n<h3><strong>5. R\u00e9diger les notices d\u2019\u0153uvres<br \/>\nChaque \u0153uvre r\u00e9pertori\u00e9e dans le Catalogue raisonn\u00e9 doit comporter une fiche descriptive compl\u00e8te :<br \/>\n<\/strong><\/h3>\n<p>[\/vc_column_text][vc_empty_space height=\u00a0\u00bb10px\u00a0\u00bb][vc_column_text css=\u00a0\u00bb\u00a0\u00bb]<\/p>\n<div class=\"q_icon_list\">\n<ul>\n<li>Image de l\u2019\u0153uvre<\/li>\n<li>Titre, date, dimensions, techniques, signature<\/li>\n<li>Localisation actuelle<\/li>\n<li>Provenance historique<\/li>\n<li>Expositions pass\u00e9es<\/li>\n<li>R\u00e9f\u00e9rences bibliographiques<\/li>\n<li>Historique des ventes<\/li>\n<li>Commentaire critique (facultatif)<\/li>\n<\/ul>\n<\/div>\n<p>[\/vc_column_text][vc_separator type=\u00a0\u00bbnormal\u00a0\u00bb color=\u00a0\u00bb#B2AFAF\u00a0\u00bb thickness=\u00a0\u00bb1&Prime;][vc_empty_space height=\u00a0\u00bb40px\u00a0\u00bb][vc_column_text css=\u00a0\u00bb\u00a0\u00bb]<\/p>\n<h3><strong>6. Structurer le Catalogue raisonn\u00e9<br \/>\nL\u2019organisation du catalogue peut suivre diff\u00e9rents crit\u00e8res :<\/strong><\/h3>\n<p>[\/vc_column_text][vc_empty_space height=\u00a0\u00bb10px\u00a0\u00bb][vc_column_text css=\u00a0\u00bb\u00a0\u00bb]<\/p>\n<div class=\"q_icon_list\">\n<div class=\"q_icon_list\">\n<ul>\n<li>Classement chronologique, th\u00e9matique, typologique ou g\u00e9ographique<\/li>\n<li>Introduction g\u00e9n\u00e9rale sur l\u2019artiste et sa d\u00e9marche<\/li>\n<li>Annexes : bibliographie, glossaire, index, tableaux de correspondance, documents d\u2019archives<\/li>\n<\/ul>\n<\/div>\n<\/div>\n<p>[\/vc_column_text][vc_separator type=\u00a0\u00bbnormal\u00a0\u00bb color=\u00a0\u00bb#B2AFAF\u00a0\u00bb thickness=\u00a0\u00bb1&Prime;][vc_empty_space height=\u00a0\u00bb40px\u00a0\u00bb][vc_column_text css=\u00a0\u00bb\u00a0\u00bb]<\/p>\n<h3><strong>7. Valider scientifiquement le contenu<br \/>\nPour garantir la fiabilit\u00e9 du Catalogue raisonn\u00e9 :<\/strong><\/h3>\n<p>[\/vc_column_text][vc_empty_space height=\u00a0\u00bb10px\u00a0\u00bb][vc_column_text css=\u00a0\u00bb\u00a0\u00bb]<\/p>\n<div class=\"q_icon_list\">\n<ul>\n<li>V\u00e9rification crois\u00e9e de toutes les donn\u00e9es<\/li>\n<li>Relecture par des experts ou un comit\u00e9 scientifique<\/li>\n<li>Obtention des autorisations l\u00e9gales (ayants droit, fondations\u2026)<\/li>\n<\/ul>\n<\/div>\n<p>[\/vc_column_text][vc_separator type=\u00a0\u00bbnormal\u00a0\u00bb color=\u00a0\u00bb#B2AFAF\u00a0\u00bb thickness=\u00a0\u00bb1&Prime;][vc_empty_space height=\u00a0\u00bb40px\u00a0\u00bb][vc_column_text css=\u00a0\u00bb\u00a0\u00bb]<\/p>\n<h3><strong>8. Publier le Catalogue raisonn\u00e9<\/strong><\/h3>\n<p>[\/vc_column_text][vc_empty_space height=\u00a0\u00bb10px\u00a0\u00bb][vc_column_text css=\u00a0\u00bb\u00a0\u00bb]<\/p>\n<div class=\"q_icon_list\">\n<ul>\n<li>Choisir un outil professionnel pour cr\u00e9er un Catalogue raisonn\u00e9 en ligne (ex : <strong><a href=\"https:\/\/inventozen.com\/\">InventoZen<\/a><\/strong>)<\/li>\n<li>Mettre en place une base de donn\u00e9es organis\u00e9e et facile \u00e0 consulter<\/li>\n<li>Diffuser le catalogue via une plateforme web d\u00e9di\u00e9e (consultation du Catalogue raisonn\u00e9 gratuite ou payante)<\/li>\n<li>Envisager une publication papier avec un \u00e9diteur sp\u00e9cialis\u00e9 en art<\/li>\n<\/ul>\n<\/div>\n<p>[\/vc_column_text][vc_separator type=\u00a0\u00bbnormal\u00a0\u00bb color=\u00a0\u00bb#B2AFAF\u00a0\u00bb thickness=\u00a0\u00bb1&Prime;][vc_empty_space height=\u00a0\u00bb40px\u00a0\u00bb][vc_column_text css=\u00a0\u00bb\u00a0\u00bb]<\/p>\n<h3><strong>9. Mettre \u00e0 jour le Catalogue raisonn\u00e9<br \/>\nUn bon Catalogue raisonn\u00e9 est un outil vivant :<\/strong><\/h3>\n<p>[\/vc_column_text][vc_empty_space height=\u00a0\u00bb10px\u00a0\u00bb][vc_column_text css=\u00a0\u00bb\u00a0\u00bb]<\/p>\n<div class=\"q_icon_list\">\n<ul>\n<li>Suivre les nouvelles d\u00e9couvertes ou acquisitions<\/li>\n<li>\u00a0Mettre \u00e0 jour les ventes et changements de localisation<\/li>\n<li>Cr\u00e9er un comit\u00e9 d\u2019authentification officiel<\/li>\n<li>D\u00e9livrer des certificats d\u2019authenticit\u00e9<\/li>\n<li>\u00a0Informer les professionnels du march\u00e9 de l\u2019art de l\u2019existence du catalogue<\/li>\n<\/ul>\n<\/div>\n<p>[\/vc_column_text][vc_empty_space height=\u00a0\u00bb20px\u00a0\u00bb]<a  itemprop=\"url\" href=\"https:\/\/inventozen.com\/index.php\/guide-pratique-creer-un-catalogue-raisonne-inventozen\/\" target=\"_blank\"  class=\"qbutton  small default\" style=\"\">En savoir plus<\/a>[vc_empty_space height=\u00a0\u00bb20px\u00a0\u00bb][\/vc_column_inner][vc_column_inner width=\u00a0\u00bb1\/2&Prime;][vc_single_image image=\u00a0\u00bb104&Prime; img_size=\u00a0\u00bbfull\u00a0\u00bb onclick=\u00a0\u00bbcustom_link\u00a0\u00bb img_link_target=\u00a0\u00bb_blank\u00a0\u00bb css=\u00a0\u00bb\u00a0\u00bb qode_css_animation=\u00a0\u00bb\u00a0\u00bb qode_hover_animation=\u00a0\u00bbzoom_in\u00a0\u00bb link=\u00a0\u00bbhttps:\/\/www.gerardschneider.net\/\u00a0\u00bb][vc_empty_space height=\u00a0\u00bb5px\u00a0\u00bb][vc_column_text css=\u00a0\u00bb\u00a0\u00bb]<\/p>\n<h4>G\u00e9rard Schneider \u00a9 Adagp, Paris<\/h4>\n<p>[\/vc_column_text][\/vc_column_inner][\/vc_row_inner][\/vc_column][\/vc_row][vc_row css_animation=\u00a0\u00bb\u00a0\u00bb row_type=\u00a0\u00bbrow\u00a0\u00bb use_row_as_full_screen_section=\u00a0\u00bbno\u00a0\u00bb type=\u00a0\u00bbfull_width\u00a0\u00bb angled_section=\u00a0\u00bbno\u00a0\u00bb text_align=\u00a0\u00bbleft\u00a0\u00bb background_image_as_pattern=\u00a0\u00bbwithout_pattern\u00a0\u00bb][vc_column][vc_empty_space height=\u00a0\u00bb50px\u00a0\u00bb][\/vc_column][\/vc_row][vc_row css_animation=\u00a0\u00bb\u00a0\u00bb row_type=\u00a0\u00bbrow\u00a0\u00bb use_row_as_full_screen_section=\u00a0\u00bbno\u00a0\u00bb type=\u00a0\u00bbfull_width\u00a0\u00bb angled_section=\u00a0\u00bbno\u00a0\u00bb text_align=\u00a0\u00bbleft\u00a0\u00bb background_image_as_pattern=\u00a0\u00bbwithout_pattern\u00a0\u00bb][vc_column][vc_column_text]<\/p>\n<p style=\"text-align: center;\"><span><span><a href=\"https:\/\/catalogue-raisonne.net\/\">Accueil<\/a><\/span><\/span><\/p>\n<p>[\/vc_column_text][vc_empty_space height=\u00a0\u00bb20px\u00a0\u00bb][\/vc_column][\/vc_row]<\/p>\n<\/div>","protected":false},"excerpt":{"rendered":"<p>[vc_row css_animation=\u00a0\u00bb\u00a0\u00bb row_type=\u00a0\u00bbrow\u00a0\u00bb use_row_as_full_screen_section=\u00a0\u00bbno\u00a0\u00bb type=\u00a0\u00bbgrid\u00a0\u00bb angled_section=\u00a0\u00bbno\u00a0\u00bb text_align=\u00a0\u00bbleft\u00a0\u00bb background_image_as_pattern=\u00a0\u00bbwithout_pattern\u00a0\u00bb z_index=\u00a0\u00bb\u00a0\u00bb][vc_column][vc_row_inner row_type=\u00a0\u00bbrow\u00a0\u00bb type=\u00a0\u00bbfull_width\u00a0\u00bb text_align=\u00a0\u00bbleft\u00a0\u00bb css_animation=\u00a0\u00bb\u00a0\u00bb][vc_column_inner width=\u00a0\u00bb1\/2&Prime;][vc_column_text css=\u00a0\u00bb\u00a0\u00bb] Cr\u00e9er un Catalogue raisonn\u00e9 [\/vc_column_text][vc_empty_space height=\u00a0\u00bb10px\u00a0\u00bb][vc_column_text css=\u00a0\u00bb\u00a0\u00bb] Cr\u00e9er un Catalogue raisonn\u00e9, qu\u2019il soit digital ou papier, est une d\u00e9marche essentielle pour inscrire durablement un artiste dans l\u2019histoire de l\u2019art. Voici&#8230;<\/p>\n","protected":false},"author":2,"featured_media":0,"parent":0,"menu_order":0,"comment_status":"closed","ping_status":"closed","template":"","meta":{"footnotes":""},"class_list":["post-102","page","type-page","status-publish","hentry"],"yoast_head":"<!-- This site is optimized with the Yoast SEO plugin v25.3.1 - https:\/\/yoast.com\/wordpress\/plugins\/seo\/ -->\n<title>Cr\u00e9er un Catalogue raisonn\u00e9<\/title>\n<meta name=\"description\" content=\"Cr\u00e9er un catalogue raisonn\u00e9 : \u00e9tapes, outils, et bonnes pratiques pour documenter l\u2019\u0153uvre compl\u00e8te d\u2019un artiste de fa\u00e7on rigoureuse.\" \/>\n<meta name=\"robots\" content=\"index, follow, max-snippet:-1, max-image-preview:large, max-video-preview:-1\" \/>\n<link rel=\"canonical\" href=\"https:\/\/catalogue-raisonne.net\/index.php\/fr\/creer-un-catalogue-raisonne\/\" \/>\n<meta property=\"og:locale\" content=\"fr_FR\" \/>\n<meta property=\"og:type\" content=\"article\" \/>\n<meta property=\"og:title\" content=\"Cr\u00e9er un Catalogue raisonn\u00e9\" \/>\n<meta property=\"og:description\" content=\"Cr\u00e9er un catalogue raisonn\u00e9 : \u00e9tapes, outils, et bonnes pratiques pour documenter l\u2019\u0153uvre compl\u00e8te d\u2019un artiste de fa\u00e7on rigoureuse.\" \/>\n<meta property=\"og:url\" content=\"https:\/\/catalogue-raisonne.net\/index.php\/fr\/creer-un-catalogue-raisonne\/\" \/>\n<meta property=\"og:site_name\" content=\"Catalogue Raisonne.net\" \/>\n<meta property=\"article:modified_time\" content=\"2025-07-08T12:27:11+00:00\" \/>\n<meta name=\"twitter:card\" content=\"summary_large_image\" \/>\n<meta name=\"twitter:label1\" content=\"Dur\u00e9e de lecture estim\u00e9e\" \/>\n\t<meta name=\"twitter:data1\" content=\"4 minutes\" \/>\n<script type=\"application\/ld+json\" class=\"yoast-schema-graph\">{\"@context\":\"https:\/\/schema.org\",\"@graph\":[{\"@type\":\"WebPage\",\"@id\":\"https:\/\/catalogue-raisonne.net\/index.php\/fr\/creer-un-catalogue-raisonne\/\",\"url\":\"https:\/\/catalogue-raisonne.net\/index.php\/fr\/creer-un-catalogue-raisonne\/\",\"name\":\"Cr\u00e9er un Catalogue raisonn\u00e9\",\"isPartOf\":{\"@id\":\"https:\/\/catalogue-raisonne.net\/#website\"},\"datePublished\":\"2025-07-02T13:26:03+00:00\",\"dateModified\":\"2025-07-08T12:27:11+00:00\",\"description\":\"Cr\u00e9er un catalogue raisonn\u00e9 : \u00e9tapes, outils, et bonnes pratiques pour documenter l\u2019\u0153uvre compl\u00e8te d\u2019un artiste de fa\u00e7on rigoureuse.\",\"breadcrumb\":{\"@id\":\"https:\/\/catalogue-raisonne.net\/index.php\/fr\/creer-un-catalogue-raisonne\/#breadcrumb\"},\"inLanguage\":\"fr-FR\",\"potentialAction\":[{\"@type\":\"ReadAction\",\"target\":[\"https:\/\/catalogue-raisonne.net\/index.php\/fr\/creer-un-catalogue-raisonne\/\"]}]},{\"@type\":\"BreadcrumbList\",\"@id\":\"https:\/\/catalogue-raisonne.net\/index.php\/fr\/creer-un-catalogue-raisonne\/#breadcrumb\",\"itemListElement\":[{\"@type\":\"ListItem\",\"position\":1,\"name\":\"Accueil\",\"item\":\"https:\/\/catalogue-raisonne.net\/\"},{\"@type\":\"ListItem\",\"position\":2,\"name\":\"Cr\u00e9er un Catalogue raisonn\u00e9\"}]},{\"@type\":\"WebSite\",\"@id\":\"https:\/\/catalogue-raisonne.net\/#website\",\"url\":\"https:\/\/catalogue-raisonne.net\/\",\"name\":\"Catalogue Raisonne.net\",\"description\":\"Tout savoir sur les Catalogues raisonn\u00e9s\",\"potentialAction\":[{\"@type\":\"SearchAction\",\"target\":{\"@type\":\"EntryPoint\",\"urlTemplate\":\"https:\/\/catalogue-raisonne.net\/?s={search_term_string}\"},\"query-input\":{\"@type\":\"PropertyValueSpecification\",\"valueRequired\":true,\"valueName\":\"search_term_string\"}}],\"inLanguage\":\"fr-FR\"}]}<\/script>\n<!-- \/ Yoast SEO plugin. -->","yoast_head_json":{"title":"Cr\u00e9er un Catalogue raisonn\u00e9","description":"Cr\u00e9er un catalogue raisonn\u00e9 : \u00e9tapes, outils, et bonnes pratiques pour documenter l\u2019\u0153uvre compl\u00e8te d\u2019un artiste de fa\u00e7on rigoureuse.","robots":{"index":"index","follow":"follow","max-snippet":"max-snippet:-1","max-image-preview":"max-image-preview:large","max-video-preview":"max-video-preview:-1"},"canonical":"https:\/\/catalogue-raisonne.net\/index.php\/fr\/creer-un-catalogue-raisonne\/","og_locale":"fr_FR","og_type":"article","og_title":"Cr\u00e9er un Catalogue raisonn\u00e9","og_description":"Cr\u00e9er un catalogue raisonn\u00e9 : \u00e9tapes, outils, et bonnes pratiques pour documenter l\u2019\u0153uvre compl\u00e8te d\u2019un artiste de fa\u00e7on rigoureuse.","og_url":"https:\/\/catalogue-raisonne.net\/index.php\/fr\/creer-un-catalogue-raisonne\/","og_site_name":"Catalogue Raisonne.net","article_modified_time":"2025-07-08T12:27:11+00:00","twitter_card":"summary_large_image","twitter_misc":{"Dur\u00e9e de lecture estim\u00e9e":"4 minutes"},"schema":{"@context":"https:\/\/schema.org","@graph":[{"@type":"WebPage","@id":"https:\/\/catalogue-raisonne.net\/index.php\/fr\/creer-un-catalogue-raisonne\/","url":"https:\/\/catalogue-raisonne.net\/index.php\/fr\/creer-un-catalogue-raisonne\/","name":"Cr\u00e9er un Catalogue raisonn\u00e9","isPartOf":{"@id":"https:\/\/catalogue-raisonne.net\/#website"},"datePublished":"2025-07-02T13:26:03+00:00","dateModified":"2025-07-08T12:27:11+00:00","description":"Cr\u00e9er un catalogue raisonn\u00e9 : \u00e9tapes, outils, et bonnes pratiques pour documenter l\u2019\u0153uvre compl\u00e8te d\u2019un artiste de fa\u00e7on rigoureuse.","breadcrumb":{"@id":"https:\/\/catalogue-raisonne.net\/index.php\/fr\/creer-un-catalogue-raisonne\/#breadcrumb"},"inLanguage":"fr-FR","potentialAction":[{"@type":"ReadAction","target":["https:\/\/catalogue-raisonne.net\/index.php\/fr\/creer-un-catalogue-raisonne\/"]}]},{"@type":"BreadcrumbList","@id":"https:\/\/catalogue-raisonne.net\/index.php\/fr\/creer-un-catalogue-raisonne\/#breadcrumb","itemListElement":[{"@type":"ListItem","position":1,"name":"Accueil","item":"https:\/\/catalogue-raisonne.net\/"},{"@type":"ListItem","position":2,"name":"Cr\u00e9er un Catalogue raisonn\u00e9"}]},{"@type":"WebSite","@id":"https:\/\/catalogue-raisonne.net\/#website","url":"https:\/\/catalogue-raisonne.net\/","name":"Catalogue Raisonne.net","description":"Tout savoir sur les Catalogues raisonn\u00e9s","potentialAction":[{"@type":"SearchAction","target":{"@type":"EntryPoint","urlTemplate":"https:\/\/catalogue-raisonne.net\/?s={search_term_string}"},"query-input":{"@type":"PropertyValueSpecification","valueRequired":true,"valueName":"search_term_string"}}],"inLanguage":"fr-FR"}]}},"_links":{"self":[{"href":"https:\/\/catalogue-raisonne.net\/index.php\/wp-json\/wp\/v2\/pages\/102","targetHints":{"allow":["GET"]}}],"collection":[{"href":"https:\/\/catalogue-raisonne.net\/index.php\/wp-json\/wp\/v2\/pages"}],"about":[{"href":"https:\/\/catalogue-raisonne.net\/index.php\/wp-json\/wp\/v2\/types\/page"}],"author":[{"embeddable":true,"href":"https:\/\/catalogue-raisonne.net\/index.php\/wp-json\/wp\/v2\/users\/2"}],"replies":[{"embeddable":true,"href":"https:\/\/catalogue-raisonne.net\/index.php\/wp-json\/wp\/v2\/comments?post=102"}],"version-history":[{"count":22,"href":"https:\/\/catalogue-raisonne.net\/index.php\/wp-json\/wp\/v2\/pages\/102\/revisions"}],"predecessor-version":[{"id":360,"href":"https:\/\/catalogue-raisonne.net\/index.php\/wp-json\/wp\/v2\/pages\/102\/revisions\/360"}],"wp:attachment":[{"href":"https:\/\/catalogue-raisonne.net\/index.php\/wp-json\/wp\/v2\/media?parent=102"}],"curies":[{"name":"wp","href":"https:\/\/api.w.org\/{rel}","templated":true}]}}