{"id":10,"date":"2025-07-01T13:18:29","date_gmt":"2025-07-01T13:18:29","guid":{"rendered":"https:\/\/catalogue-raisonne.net\/?page_id=10"},"modified":"2025-07-07T09:18:35","modified_gmt":"2025-07-07T09:18:35","slug":"quest-ce-quun-catalogue-raisonne","status":"publish","type":"page","link":"https:\/\/catalogue-raisonne.net\/index.php\/fr\/quest-ce-quun-catalogue-raisonne\/","title":{"rendered":"Qu\u2019est ce qu\u2019un Catalogue raisonn\u00e9 ?"},"content":{"rendered":"<div class=\"wpb-content-wrapper\"><p>[vc_row css_animation=\u00a0\u00bb\u00a0\u00bb row_type=\u00a0\u00bbrow\u00a0\u00bb use_row_as_full_screen_section=\u00a0\u00bbno\u00a0\u00bb type=\u00a0\u00bbgrid\u00a0\u00bb angled_section=\u00a0\u00bbno\u00a0\u00bb text_align=\u00a0\u00bbleft\u00a0\u00bb background_image_as_pattern=\u00a0\u00bbwithout_pattern\u00a0\u00bb z_index=\u00a0\u00bb\u00a0\u00bb][vc_column][vc_row_inner row_type=\u00a0\u00bbrow\u00a0\u00bb type=\u00a0\u00bbfull_width\u00a0\u00bb text_align=\u00a0\u00bbleft\u00a0\u00bb css_animation=\u00a0\u00bb\u00a0\u00bb][vc_column_inner width=\u00a0\u00bb1\/2&Prime;][vc_column_text css=\u00a0\u00bb\u00a0\u00bb]<\/p>\n<h1>Qu\u2019est ce qu\u2019un Catalogue raisonn\u00e9 ?<\/h1>\n<p>[\/vc_column_text][vc_empty_space height=\u00a0\u00bb10px\u00a0\u00bb][vc_column_text css=\u00a0\u00bb\u00a0\u00bb]<\/p>\n<h2><strong>Le Catalogue raisonn\u00e9 : la solution incontournable pour la reconnaissance et la valorisation d&rsquo;un artiste<\/strong><\/h2>\n<p>[\/vc_column_text][vc_empty_space height=\u00a0\u00bb30px\u00a0\u00bb][vc_column_text css=\u00a0\u00bb\u00a0\u00bb]Un Catalogue raisonn\u00e9 est un ouvrage de r\u00e9f\u00e9rence qui recense de mani\u00e8re exhaustive et m\u00e9thodique l&rsquo;ensemble des \u0153uvres connues d&rsquo;un artiste.<br \/>\nIl peut aussi ne recenser qu\u2019un\u00a0groupe d\u2019\u0153uvres d\u2019un artiste, sur un th\u00e8me ou une p\u00e9riode sp\u00e9cifique.<br \/>\nIl s\u2019agit d\u2019un outil fondamental dans le domaine de l\u2019histoire de l\u2019art, de l\u2019expertise, de la conservation et du march\u00e9 de l\u2019art.[\/vc_column_text][vc_empty_space height=\u00a0\u00bb20px\u00a0\u00bb][vc_column_text css=\u00a0\u00bb\u00a0\u00bb]<\/p>\n<h3><strong>Les Caract\u00e9ristiques principales d\u2019un Catalogue raisonn\u00e9 sont multiples<\/strong><\/h3>\n<p>[\/vc_column_text][vc_empty_space height=\u00a0\u00bb10px\u00a0\u00bb][vc_column_text css=\u00a0\u00bb\u00a0\u00bb]Son exhaustivit\u00e9 est primordiale : un Catalogue raisonn\u00e9 tente de recenser toutes les \u0153uvres d\u2019un artiste (peintures, dessins, sculptures, gravures, etc.), qu\u2019elles soient dans des collections publiques, priv\u00e9es, perdues ou d\u00e9truites.<br \/>\nLa documentation la plus compl\u00e8te possible est un des objectifs.<br \/>\nChaque \u0153uvre est accompagn\u00e9e d\u2019informations d\u00e9taill\u00e9es :<br \/>\n&#8211; titre, date, dimensions, techniques utilis\u00e9es<br \/>\n&#8211; provenance (histoire de la propri\u00e9t\u00e9 de l\u2019\u0153uvre)<br \/>\n&#8211; expositions o\u00f9 l\u2019\u0153uvre a \u00e9t\u00e9 pr\u00e9sent\u00e9e<br \/>\n&#8211; bibliographie (mentions dans des publications)<br \/>\n&#8211; illustrations (photos, parfois croquis pr\u00e9paratoires)<br \/>\n&#8211; organisation : Il est souvent class\u00e9 par ordre chronologique, th\u00e9matique ou technique.<br \/>\n&#8211; \u00e9valuation critique : Le catalogue peut inclure des analyses, des commentaires ou des justifications de l\u2019attribution ou de l\u2019exclusion d\u2019une \u0153uvre.[\/vc_column_text][vc_empty_space height=\u00a0\u00bb20px\u00a0\u00bb][vc_column_text css=\u00a0\u00bb\u00a0\u00bb]<\/p>\n<h3><strong>Quelle est son utilit\u00e9 ?<\/strong><\/h3>\n<p>[\/vc_column_text][vc_empty_space height=\u00a0\u00bb10px\u00a0\u00bb][vc_column_text css=\u00a0\u00bb\u00a0\u00bb]Il sert de r\u00e9f\u00e9rence incontournable pour les chercheurs, les mus\u00e9es, les maisons de vente, les collectionneurs et les experts.<br \/>\nIl aide \u00e0 authentifier les \u0153uvres et \u00e0 pr\u00e9venir les contrefa\u00e7ons.<br \/>\nIl a surtout un impact direct sur la valeur d\u2019une \u0153uvre. Il est consult\u00e9 par les experts et les marchand lors d\u2019une vente.<br \/>\nUn des exemples reconnus est le Catalogue raisonn\u00e9 de Pablo Picasso (r\u00e9alis\u00e9 en plusieurs volumes par Christian Zervos). Il est une r\u00e9f\u00e9rence majeure dans le monde de l\u2019art.[\/vc_column_text][vc_empty_space height=\u00a0\u00bb20px\u00a0\u00bb]<a  itemprop=\"url\" href=\"https:\/\/inventozen.com\/\" target=\"_blank\" data-hover-background-color=\"#252424\" class=\"qbutton  small default\" style=\"\">En savoir plus<\/a>[vc_empty_space height=\u00a0\u00bb20px\u00a0\u00bb][\/vc_column_inner][vc_column_inner width=\u00a0\u00bb1\/2&Prime;][vc_single_image image=\u00a0\u00bb16&Prime; img_size=\u00a0\u00bbfull\u00a0\u00bb onclick=\u00a0\u00bbcustom_link\u00a0\u00bb img_link_target=\u00a0\u00bb_blank\u00a0\u00bb css=\u00a0\u00bb\u00a0\u00bb qode_css_animation=\u00a0\u00bb\u00a0\u00bb qode_hover_animation=\u00a0\u00bbzoom_in\u00a0\u00bb link=\u00a0\u00bbhttps:\/\/www.gerardschneider.net\/\u00a0\u00bb][vc_empty_space height=\u00a0\u00bb5px\u00a0\u00bb][vc_column_text css=\u00a0\u00bb\u00a0\u00bb]<\/p>\n<h4>G\u00e9rard Schneider \u00a9 Adagp, Paris<\/h4>\n<p>[\/vc_column_text][\/vc_column_inner][\/vc_row_inner][\/vc_column][\/vc_row][vc_row css_animation=\u00a0\u00bb\u00a0\u00bb row_type=\u00a0\u00bbrow\u00a0\u00bb use_row_as_full_screen_section=\u00a0\u00bbno\u00a0\u00bb type=\u00a0\u00bbfull_width\u00a0\u00bb angled_section=\u00a0\u00bbno\u00a0\u00bb text_align=\u00a0\u00bbleft\u00a0\u00bb background_image_as_pattern=\u00a0\u00bbwithout_pattern\u00a0\u00bb][vc_column][vc_empty_space height=\u00a0\u00bb50px\u00a0\u00bb][\/vc_column][\/vc_row][vc_row css_animation=\u00a0\u00bb\u00a0\u00bb row_type=\u00a0\u00bbrow\u00a0\u00bb use_row_as_full_screen_section=\u00a0\u00bbno\u00a0\u00bb type=\u00a0\u00bbfull_width\u00a0\u00bb angled_section=\u00a0\u00bbno\u00a0\u00bb text_align=\u00a0\u00bbleft\u00a0\u00bb background_image_as_pattern=\u00a0\u00bbwithout_pattern\u00a0\u00bb][vc_column][vc_column_text]<\/p>\n<p style=\"text-align: center;\"><span><span><a href=\"https:\/\/catalogue-raisonne.net\/\">Accueil<\/a><\/span><\/span><\/p>\n<p>[\/vc_column_text][vc_empty_space height=\u00a0\u00bb20px\u00a0\u00bb][\/vc_column][\/vc_row]<\/p>\n<\/div>","protected":false},"excerpt":{"rendered":"<p>[vc_row css_animation=\u00a0\u00bb\u00a0\u00bb row_type=\u00a0\u00bbrow\u00a0\u00bb use_row_as_full_screen_section=\u00a0\u00bbno\u00a0\u00bb type=\u00a0\u00bbgrid\u00a0\u00bb angled_section=\u00a0\u00bbno\u00a0\u00bb text_align=\u00a0\u00bbleft\u00a0\u00bb background_image_as_pattern=\u00a0\u00bbwithout_pattern\u00a0\u00bb z_index=\u00a0\u00bb\u00a0\u00bb][vc_column][vc_row_inner row_type=\u00a0\u00bbrow\u00a0\u00bb type=\u00a0\u00bbfull_width\u00a0\u00bb text_align=\u00a0\u00bbleft\u00a0\u00bb css_animation=\u00a0\u00bb\u00a0\u00bb][vc_column_inner width=\u00a0\u00bb1\/2&Prime;][vc_column_text css=\u00a0\u00bb\u00a0\u00bb] Qu\u2019est ce qu\u2019un Catalogue raisonn\u00e9 ? [\/vc_column_text][vc_empty_space height=\u00a0\u00bb10px\u00a0\u00bb][vc_column_text css=\u00a0\u00bb\u00a0\u00bb] Le Catalogue raisonn\u00e9 : la solution incontournable pour la reconnaissance et la valorisation d&rsquo;un artiste [\/vc_column_text][vc_empty_space height=\u00a0\u00bb30px\u00a0\u00bb][vc_column_text css=\u00a0\u00bb\u00a0\u00bb]Un Catalogue raisonn\u00e9 est&#8230;<\/p>\n","protected":false},"author":2,"featured_media":0,"parent":0,"menu_order":0,"comment_status":"closed","ping_status":"closed","template":"full_width.php","meta":{"footnotes":""},"class_list":["post-10","page","type-page","status-publish","hentry"],"yoast_head":"<!-- This site is optimized with the Yoast SEO plugin v25.3.1 - https:\/\/yoast.com\/wordpress\/plugins\/seo\/ -->\n<title>Qu\u2019est ce qu\u2019un Catalogue raisonn\u00e9 ?<\/title>\n<meta name=\"description\" content=\"D\u00e9couvrez la d\u00e9finition d\u2019un catalogue raisonn\u00e9 : un outil essentiel d\u2019authentification et d\u2019inventaire des \u0153uvres d\u2019un artiste.\" \/>\n<meta name=\"robots\" content=\"index, follow, max-snippet:-1, max-image-preview:large, max-video-preview:-1\" \/>\n<link rel=\"canonical\" href=\"https:\/\/catalogue-raisonne.net\/index.php\/fr\/quest-ce-quun-catalogue-raisonne\/\" \/>\n<meta property=\"og:locale\" content=\"fr_FR\" \/>\n<meta property=\"og:type\" content=\"article\" \/>\n<meta property=\"og:title\" content=\"Qu\u2019est ce qu\u2019un Catalogue raisonn\u00e9 ?\" \/>\n<meta property=\"og:description\" content=\"D\u00e9couvrez la d\u00e9finition d\u2019un catalogue raisonn\u00e9 : un outil essentiel d\u2019authentification et d\u2019inventaire des \u0153uvres d\u2019un artiste.\" \/>\n<meta property=\"og:url\" content=\"https:\/\/catalogue-raisonne.net\/index.php\/fr\/quest-ce-quun-catalogue-raisonne\/\" \/>\n<meta property=\"og:site_name\" content=\"Catalogue Raisonne.net\" \/>\n<meta property=\"article:modified_time\" content=\"2025-07-07T09:18:35+00:00\" \/>\n<meta name=\"twitter:card\" content=\"summary_large_image\" \/>\n<meta name=\"twitter:label1\" content=\"Dur\u00e9e de lecture estim\u00e9e\" \/>\n\t<meta name=\"twitter:data1\" content=\"2 minutes\" \/>\n<script type=\"application\/ld+json\" class=\"yoast-schema-graph\">{\"@context\":\"https:\/\/schema.org\",\"@graph\":[{\"@type\":\"WebPage\",\"@id\":\"https:\/\/catalogue-raisonne.net\/index.php\/fr\/quest-ce-quun-catalogue-raisonne\/\",\"url\":\"https:\/\/catalogue-raisonne.net\/index.php\/fr\/quest-ce-quun-catalogue-raisonne\/\",\"name\":\"Qu\u2019est ce qu\u2019un Catalogue raisonn\u00e9 ?\",\"isPartOf\":{\"@id\":\"https:\/\/catalogue-raisonne.net\/#website\"},\"datePublished\":\"2025-07-01T13:18:29+00:00\",\"dateModified\":\"2025-07-07T09:18:35+00:00\",\"description\":\"D\u00e9couvrez la d\u00e9finition d\u2019un catalogue raisonn\u00e9 : un outil essentiel d\u2019authentification et d\u2019inventaire des \u0153uvres d\u2019un artiste.\",\"breadcrumb\":{\"@id\":\"https:\/\/catalogue-raisonne.net\/index.php\/fr\/quest-ce-quun-catalogue-raisonne\/#breadcrumb\"},\"inLanguage\":\"fr-FR\",\"potentialAction\":[{\"@type\":\"ReadAction\",\"target\":[\"https:\/\/catalogue-raisonne.net\/index.php\/fr\/quest-ce-quun-catalogue-raisonne\/\"]}]},{\"@type\":\"BreadcrumbList\",\"@id\":\"https:\/\/catalogue-raisonne.net\/index.php\/fr\/quest-ce-quun-catalogue-raisonne\/#breadcrumb\",\"itemListElement\":[{\"@type\":\"ListItem\",\"position\":1,\"name\":\"Accueil\",\"item\":\"https:\/\/catalogue-raisonne.net\/\"},{\"@type\":\"ListItem\",\"position\":2,\"name\":\"Qu\u2019est ce qu\u2019un Catalogue raisonn\u00e9 ?\"}]},{\"@type\":\"WebSite\",\"@id\":\"https:\/\/catalogue-raisonne.net\/#website\",\"url\":\"https:\/\/catalogue-raisonne.net\/\",\"name\":\"Catalogue Raisonne.net\",\"description\":\"Tout savoir sur les Catalogues raisonn\u00e9s\",\"potentialAction\":[{\"@type\":\"SearchAction\",\"target\":{\"@type\":\"EntryPoint\",\"urlTemplate\":\"https:\/\/catalogue-raisonne.net\/?s={search_term_string}\"},\"query-input\":{\"@type\":\"PropertyValueSpecification\",\"valueRequired\":true,\"valueName\":\"search_term_string\"}}],\"inLanguage\":\"fr-FR\"}]}<\/script>\n<!-- \/ Yoast SEO plugin. -->","yoast_head_json":{"title":"Qu\u2019est ce qu\u2019un Catalogue raisonn\u00e9 ?","description":"D\u00e9couvrez la d\u00e9finition d\u2019un catalogue raisonn\u00e9 : un outil essentiel d\u2019authentification et d\u2019inventaire des \u0153uvres d\u2019un artiste.","robots":{"index":"index","follow":"follow","max-snippet":"max-snippet:-1","max-image-preview":"max-image-preview:large","max-video-preview":"max-video-preview:-1"},"canonical":"https:\/\/catalogue-raisonne.net\/index.php\/fr\/quest-ce-quun-catalogue-raisonne\/","og_locale":"fr_FR","og_type":"article","og_title":"Qu\u2019est ce qu\u2019un Catalogue raisonn\u00e9 ?","og_description":"D\u00e9couvrez la d\u00e9finition d\u2019un catalogue raisonn\u00e9 : un outil essentiel d\u2019authentification et d\u2019inventaire des \u0153uvres d\u2019un artiste.","og_url":"https:\/\/catalogue-raisonne.net\/index.php\/fr\/quest-ce-quun-catalogue-raisonne\/","og_site_name":"Catalogue Raisonne.net","article_modified_time":"2025-07-07T09:18:35+00:00","twitter_card":"summary_large_image","twitter_misc":{"Dur\u00e9e de lecture estim\u00e9e":"2 minutes"},"schema":{"@context":"https:\/\/schema.org","@graph":[{"@type":"WebPage","@id":"https:\/\/catalogue-raisonne.net\/index.php\/fr\/quest-ce-quun-catalogue-raisonne\/","url":"https:\/\/catalogue-raisonne.net\/index.php\/fr\/quest-ce-quun-catalogue-raisonne\/","name":"Qu\u2019est ce qu\u2019un Catalogue raisonn\u00e9 ?","isPartOf":{"@id":"https:\/\/catalogue-raisonne.net\/#website"},"datePublished":"2025-07-01T13:18:29+00:00","dateModified":"2025-07-07T09:18:35+00:00","description":"D\u00e9couvrez la d\u00e9finition d\u2019un catalogue raisonn\u00e9 : un outil essentiel d\u2019authentification et d\u2019inventaire des \u0153uvres d\u2019un artiste.","breadcrumb":{"@id":"https:\/\/catalogue-raisonne.net\/index.php\/fr\/quest-ce-quun-catalogue-raisonne\/#breadcrumb"},"inLanguage":"fr-FR","potentialAction":[{"@type":"ReadAction","target":["https:\/\/catalogue-raisonne.net\/index.php\/fr\/quest-ce-quun-catalogue-raisonne\/"]}]},{"@type":"BreadcrumbList","@id":"https:\/\/catalogue-raisonne.net\/index.php\/fr\/quest-ce-quun-catalogue-raisonne\/#breadcrumb","itemListElement":[{"@type":"ListItem","position":1,"name":"Accueil","item":"https:\/\/catalogue-raisonne.net\/"},{"@type":"ListItem","position":2,"name":"Qu\u2019est ce qu\u2019un Catalogue raisonn\u00e9 ?"}]},{"@type":"WebSite","@id":"https:\/\/catalogue-raisonne.net\/#website","url":"https:\/\/catalogue-raisonne.net\/","name":"Catalogue Raisonne.net","description":"Tout savoir sur les Catalogues raisonn\u00e9s","potentialAction":[{"@type":"SearchAction","target":{"@type":"EntryPoint","urlTemplate":"https:\/\/catalogue-raisonne.net\/?s={search_term_string}"},"query-input":{"@type":"PropertyValueSpecification","valueRequired":true,"valueName":"search_term_string"}}],"inLanguage":"fr-FR"}]}},"_links":{"self":[{"href":"https:\/\/catalogue-raisonne.net\/index.php\/wp-json\/wp\/v2\/pages\/10","targetHints":{"allow":["GET"]}}],"collection":[{"href":"https:\/\/catalogue-raisonne.net\/index.php\/wp-json\/wp\/v2\/pages"}],"about":[{"href":"https:\/\/catalogue-raisonne.net\/index.php\/wp-json\/wp\/v2\/types\/page"}],"author":[{"embeddable":true,"href":"https:\/\/catalogue-raisonne.net\/index.php\/wp-json\/wp\/v2\/users\/2"}],"replies":[{"embeddable":true,"href":"https:\/\/catalogue-raisonne.net\/index.php\/wp-json\/wp\/v2\/comments?post=10"}],"version-history":[{"count":48,"href":"https:\/\/catalogue-raisonne.net\/index.php\/wp-json\/wp\/v2\/pages\/10\/revisions"}],"predecessor-version":[{"id":270,"href":"https:\/\/catalogue-raisonne.net\/index.php\/wp-json\/wp\/v2\/pages\/10\/revisions\/270"}],"wp:attachment":[{"href":"https:\/\/catalogue-raisonne.net\/index.php\/wp-json\/wp\/v2\/media?parent=10"}],"curies":[{"name":"wp","href":"https:\/\/api.w.org\/{rel}","templated":true}]}}